se 0 = p + 1, -4*c - 6*p + 11 = -p. Give g(c).
-5
Let h(u) = -4*u**2 - u - 6 - 2*u**3 - 1 - 3*u**2. Let x(c) = c**3 + 6*c**2 + c + 6. Let s(q) = 5*h(q) + 6*x(q). Let z be 1/(-2) + (-3)/6. Calculate s(z).
5
Let q = -3 - -10. Let u(v) = -q*v + 6*v**2 - 6 - 8*v**2 + v**2. Suppose -5*i - 14 = 11. Calculate u(i).
4
Let l(j) = -j**2 + j - 7. Suppose 0 = 10*u - 11*u. Calculate l(u).
-7
Let d(y) = -y**3 - y**2 + 2*y + 1. Let h = 1 + -6. Let f = -3 - h. What is d(f)?
-7
Let o be (-1 + (-14)/(-10))/(4/10). Let k(v) = -4*v**3 - v**2 - v + 1. What is k(o)?
-5
Let f(h) = -h**2 + 2*h + 3. Let v = -22 + 19. Calculate f(v).
-12
Let z(s) be the second derivative of -s**4/12 - s**3/6 + s**2 - 14*s. What is z(0)?
2
Let k = 6 + -3. Suppose k*y - 7 + 4 = 0. Let m be (1 + y)/2 - -1. Let g(w) = w**2 + w - 2. Determine g(m).
4
Let d(m) = -1 - 2 - 4 - m. Let h be 34/3 + (-22)/(-33). Suppose -h*g = -14*g - 10. Determine d(g).
-2
Let s = -8 + 2. Suppose -2*r + 6 = -3*r. Let z(x) = 7*x**2 + 12*x + 8. Let p(l) = -8*l**2 - 13*l - 9. Let y(f) = r*p(f) - 7*z(f). Calculate y(s).
-2
Let r(l) = 9*l - 15. Let u(a) = 4*a - 7. Let c(b) = 6*r(b) - 13*u(b). Let f be 14/77 + 53/11. What is c(f)?
11
Let s(k) = 6*k**3 - k**2 - k + 8. Let i(j) = -5*j**3 + j**2 + j - 7. Let o(t) = 7*i(t) + 6*s(t). Calculate o(-2).
-7
Let l(r) = -r**2 - 5*r + 1. Let k = 40 - 47. Calculate l(k).
-13
Let o(b) = -10*b**3 + b**2. Let z = -26 - -17. Let y = -8 - z. Calculate o(y).
-9
Let p(g) = -10 + 2*g - 5*g - 3*g + 5*g. Let a = -3 - -3. Determine p(a).
-10
Let v(j) = -2*j + 13. Let p(r) = 4 + 7 - 3*r + 4 - 2. Let l(n) = 3*p(n) - 4*v(n). Give l(-6).
-7
Let c(j) = 3 + 2*j + j**2 - j - 4. Let y(g) = -g**3 - 9*g**2 - 7*g + 2. Suppose 0 = 3*v + 13 + 2. Let n(i) = v*c(i) - y(i). Calculate n(-3).
6
Let b(s) be the first derivative of -s**6/360 - s**5/24 - s**4/24 - 2*s**3/3 - 1. Let c(v) be the third derivative of b(v). Calculate c(-5).
-1
Let a(p) = 4*p + 3*p**2 + 2 + p**3 + p + 0*p**3 - p. Determine a(-2).
-2
Suppose -6 = -p + 3*p. Let a(x) = -2*x**2 - 4*x. Calculate a(p).
-6
Let g(n) = 2*n**2 - 3*n - 4. Suppose 8*k + 8*k = 48. Determine g(k).
5
Let p(y) be the second derivative of 1/2*y**2 - y + 0 + 1/2*y**3. What is p(-2)?
-5
Let v be (-63)/(-14) - (-6)/(-4). Let l(h) = 1 - 2*h**3 + h**v + 0*h**3 + 7*h**3. What is l(-1)?
-5
Let c(a) = 3*a + 19. Let z be c(-8). Let q(g) = g**3 + 6*g**2 + 6*g + 5. Calculate q(z).
0
Let b(j) = -j**2 - 10*j - 8. Let l be 0 - (-2 + 4) - 4. Calculate b(l).
16
Let t be ((-3)/(-27))/((-8)/(-6)). Let m(b) be the third derivative of 5/6*b**3 + 0 - 3*b**2 + 0*b - t*b**4. Calculate m(4).
-3
Suppose 0 = -0*w + 2*w + 12. Let d be 15/w*(-8)/(-10). Let s(x) = 7*x. What is s(d)?
-14
Let o(p) = 8*p - 16*p**2 + 2 - 12 + 24*p**2 - 9*p**2. Calculate o(7).
-3
Let o = 5 - 9. Let f = 17 + o. Suppose -3*z + 1 = f. Let d(y) = y**2 + 4*y. Calculate d(z).
0
Let g(l) be the third derivative of l**6/120 - l**5/10 + l**4/12 - 5*l**3/6 + l**2. Let v be (-116)/(-20) - 3/(-15). Give g(v).
7
Let m(z) = -z**2 + 4. Let r be m(0). Let v(j) = -j**2 + 9*j - 10. Let l(o) = 2*o**2 - 19*o + 21. Let x(g) = 4*l(g) + 9*v(g). Calculate x(r).
-2
Suppose -v = -2*t + 2 + 3, -5*v = -t + 25. Let r(o) = t*o - 3*o - o**2 + 5*o**2 - 3*o**2 + 1. Determine r(4).
5
Let t = 3 - 0. Let a = 3 - t. Suppose a = -b - 5 + 2. Let u(f) = -f - 1. What is u(b)?
2
Let d(z) = -z + 1. Let f(q) = q**3 + 10*q**2 - 14*q - 26. Let r be f(-11). What is d(r)?
-6
Let t(s) = -7*s**3 - s**2 + 1. Let d(r) = -5*r - 7. Let i(c) = 2*c + 4. Let v(a) = -3*d(a) - 7*i(a). Let x be v(6). Determine t(x).
7
Let g(i) = 282 + i**2 - 285 - 8*i + 4*i. What is g(7)?
18
Let n(l) = -l**3 + 7*l**2 - 3*l - 2. Suppose g + 6 = -d - 2*g, 5*d - 2*g - 38 = 0. Give n(d).
16
Let q(p) = -p + 3. Let f(x) = 2*x - 4. Let m(c) = -2*f(c) - 3*q(c). Determine m(5).
-6
Let o(d) be the second derivative of d**3/3 - 7*d**2/2 + 2*d. Suppose 0 = 2*a + 2*a - 20. Calculate o(a).
3
Let t(q) = -q**2 - 2*q + 1. Let y(c) be the second derivative of c**4/12 + c**3/2 - c**2 - 6*c. Let g(j) = 5*t(j) + 3*y(j). What is g(-2)?
-7
Let o(x) be the second derivative of x**3/2 + x**2/2 - 3*x + 11. Calculate o(-2).
-5
Suppose 4*p + p - 5 = 0. Let d(n) = n**3 - 2*n**2 + n. Calculate d(p).
0
Let c(y) = 0 - 3 + y**2 + y + 2*y. Let u(g) = 8*g + 5. Let x be u(-1). Determine c(x).
-3
Suppose 0 = 5*f - 5 - 15. Let w(q) be the third derivative of -1/6*q**f + 0 - q**2 - 1/6*q**3 + 0*q. Determine w(-1).
3
Let y(q) = q**2 + 3*q + 2. Let w be y(-3). Let m(r) = -r**2 + r - 1. Let f(p) = 2*p**2 - 3*p + 2. Let j(n) = -f(n) + m(n). Determine j(w).
-7
Let h(m) = -m**3 - 5*m**2 - 3*m - 3. Suppose 5*c = -4*p - 30, 2*c - 5*p = -13 + 1. Let f = 2 + c. What is h(f)?
-7
Suppose -4*r = -0*c - 3*c - 7, 3*c - 21 = -3*r. Let f(h) be the second derivative of h**4/6 - 7*h**3/6 + 5*h**2/2 - 5*h. What is f(r)?
9
Let m(o) = 3*o**3 + 13*o**2 + 19*o + 12. Let d(n) = n**3 + 4*n**2 + 6*n + 4. Let k(f) = -8*d(f) + 3*m(f). Give k(-6).
-14
Let i = 76 - 78. Let v(s) = -3*s**3 - 2*s**2 + 2*s. Determine v(i).
12
Let m(g) = g**2 - 9 - 354*g + 348*g + 0*g**2. What is m(8)?
7
Let t(d) = 4*d**2 - 7*d + 8. Let u(n) = n**2 + 1. Let y(z) = -t(z) + 5*u(z). Let l be y(-8). Let o(k) = k - 3 - 8 + 2. Calculate o(l).
-4
Let q(g) = g + 6. Let d(o) = -5*o**3 - 3*o**2 - 3*o. Let p be d(-1). Determine q(p).
11
Let g(j) be the first derivative of -j**3/3 - j**2 + 2*j + 9. Give g(-6).
-22
Let b(s) be the second derivative of s**3/6 + 3*s**2/2 - 3*s. Let m = -5 + 37. Let v be m/6 + 2/(-6). Calculate b(v).
8
Suppose -3*q + 8 = p - 2, q = 2. Let c(z) = -11*z + 1. Let l(v) = -5*v + 1. Let n(o) = p*c(o) - 9*l(o). Calculate n(4).
-1
Let c(v) = -v**2 - 3*v + 5. Let q = -81 + 132. Suppose -2*l + 4*h - 2 = -0, -3*h = 4*l - q. Let i = l - 14. What is c(i)?
-5
Let h = 18 - 26. Let j be (-2)/9 - h/36. Let w be j - ((-6)/3 + 5). Let g(s) = -s**3 - 3*s**2 - 2. Give g(w).
-2
Let s(f) = -f - 8. Let a be (-62)/(-8) - 1/(-4). Let k = -138 - -150. Let r = a - k. What is s(r)?
-4
Let p(a) = a**3 - 2*a - 1. Let d be p(2). Let q(v) = -v + 3*v - d*v + 10. Give q(5).
5
Let n = 1 - 6. Let w(b) be the second derivative of b**3/6 - 7*b**2/2 - 35*b. What is w(n)?
-12
Suppose 2*g = 2 + 2. Let l(w) = 4*w + 3 - g - 8*w - 2. Give l(-1).
3
Let p(v) = -v**2 - 2*v + 2. Let z(q) = -q**2 - 10*q + 2. Let n be z(-10). Suppose 5 = 3*x + 4*h, -n*x - h + 5 = -0. Suppose -2*o - 3 - x = 0. Give p(o).
-1
Let j(r) = -r + 1. Let f be j(-7). Let z be f*-1*(-6)/8. Let c(h) = 6 - h - z. Determine c(-1).
1
Let j(m) = -m - 5. Let r(z) = -6*z**2 + 1. Let y be r(-1). Let u be j(y). Let i(p) = -p - 1. Calculate i(u).
-1
Let a(h) = 10*h**3 - 5*h**2 + 6*h - 6. Let d(r) = -r**3 + r**2 - r + 1. Let t(v) = -a(v) - 6*d(v). Determine t(1).
-5
Let s(j) = 3*j - 4. Suppose 3*b + 1 + 2 = 0, 36 = 5*v - b. Give s(v).
17
Suppose 3*w = -12 - 0. Let p(g) = -g + 4. Give p(w).
8
Let u(r) be the second derivative of r**5/20 + r**4/12 + r**3/6 - r**2/2 + r. Calculate u(0).
-1
Let a(w) = -w**3 + 4*w**2. Suppose 2*o + 0*o = 4*s - 12, 5*o + 15 = 5*s. Calculate a(s).
9
Let p(d) = -d**3 - 8*d**2 + 10*d + 12. Let s be p(-9). Let c(n) = 3*n**2 - 3. Let k(x) = -2*x**2 - x + 3. Let f(r) = -4*c(r) - 5*k(r). Calculate f(s).
-6
Let h be (-4)/(-4) + -5 + 11. Let v(a) = -a + 1. Give v(h).
-6
Let g be 3 + (7 + -3 - 3). Let q(c) be the second derivative of 1/3*c**3 + 1/20*c**5 - c + 0 + 1/4*c**g - 1/2*c**2. Determine q(-2).
-1
Suppose -2*g + 6 = 2*q, 3*q + 4*g = -0*g + 11. Let r be 3 + -2 + (3 - q). Let j(d) be the second derivative of d**4/12 - d**3/3 - d**2 - d. Give j(r).
1
Let t = 11 - -5. Suppose -b = -4*g + 13, -4*g + 5*b + t = b. Let z(j) = -4 + 0*j**3 + j**3 - 2*j**2 - 5*j + 4*j + 1. Calculate z(g).
3
Let f(w) = -w - 1. Let n(c) = -4*c - 3. Let z(u) = -3*f(u) + n(u). Calculate z(6).
-6
Suppose 29 = -4*i + 5. Let b(a) be the first derivative of -a**2/2 - 6*a + 48. Give b(i).
0
Let z(q) = -q**2 + 5*q. Let r(m) = -2*m**2 + 10*m + 1. Let u(a) = -3*r(a) + 5*z(a). Calculate u(4).
-7
Let u be -3 + (1 - -2)/(9/(-6)). Let f(j) = j**3 + 5*j**2 + j + 5. Determine f(u).
0
Let h(a) be the first derivative of -5*a**2/2 + a + 35. Calculate h(1).
-4
Let y(j) = -3*j**3 + 5*j**2 + 8*j - 3. Let o(r) = -7*r**3 + 9*r**2 + 16*r - 6. Let s(n) = -2*o(n) + 5*y(n). Calcula